{"id":18,"date":"2025-12-16T09:05:34","date_gmt":"2025-12-16T09:05:34","guid":{"rendered":"https:\/\/myoeme.io\/metlife-fr\/medical\/"},"modified":"2026-03-12T07:18:55","modified_gmt":"2026-03-12T07:18:55","slug":"medical","status":"publish","type":"page","link":"https:\/\/myoeme.io\/metlife-fr\/benefits\/medical\/","title":{"rendered":"M\u00e9dical"},"content":{"rendered":"\n<div class=\"wp-block-group alignfull is-style-section-2 has-global-padding is-layout-constrained wp-container-core-group-is-layout-1bf334ca wp-block-group-is-layout-constrained is-style-section-2--1\" style=\"margin-top:0;margin-bottom:0;padding-top:0;padding-bottom:0\">\n<div class=\"wp-block-cover alignfull disable-element-on-mobile\" style=\"padding-top:35vh;padding-bottom:30px\"><img loading=\"lazy\" decoding=\"async\" width=\"1024\" height=\"356\" class=\"wp-block-cover__image-background wp-image-331 size-large\" alt=\"\" src=\"https:\/\/myoeme.io\/metlife-fr\/wp-content\/uploads\/sites\/556\/2026\/01\/tmp01b9xt5v-1-1024x356.webp\" data-object-fit=\"cover\" srcset=\"https:\/\/myoeme.io\/metlife-fr\/wp-content\/uploads\/sites\/556\/2026\/01\/tmp01b9xt5v-1-1024x356.webp 1024w, https:\/\/myoeme.io\/metlife-fr\/wp-content\/uploads\/sites\/556\/2026\/01\/tmp01b9xt5v-1-300x104.webp 300w, https:\/\/myoeme.io\/metlife-fr\/wp-content\/uploads\/sites\/556\/2026\/01\/tmp01b9xt5v-1-768x267.webp 768w, https:\/\/myoeme.io\/metlife-fr\/wp-content\/uploads\/sites\/556\/2026\/01\/tmp01b9xt5v-1.webp 1200w\" sizes=\"auto, (max-width: 1024px) 100vw, 1024px\" \/><span aria-hidden=\"true\" class=\"wp-block-cover__background has-contrast-background-color has-background-dim-40 has-background-dim\"><\/span><div class=\"wp-block-cover__inner-container has-global-padding is-layout-constrained wp-container-core-cover-is-layout-63b7c627 wp-block-cover-is-layout-constrained\">\n<div class=\"wp-block-columns alignwide is-style-default is-layout-flex wp-container-core-columns-is-layout-26e64e2d wp-block-columns-is-layout-flex\" style=\"margin-top:0px;margin-bottom:0px;padding-top:0px;padding-bottom:0px\">\n<div class=\"wp-block-column is-vertically-aligned-center is-layout-flow wp-container-core-column-is-layout-fae38783 wp-block-column-is-layout-flow\" style=\"padding-right:20px;padding-left:20px;flex-basis:100%\">\n<h2 class=\"wp-block-heading\" style=\"font-size:clamp(29.768px, 1.861rem + ((1vw - 3.2px) * 1.737), 52px);font-style:normal;font-weight:400;line-height:1.1\">Assurance m\u00e9dicale<\/h2>\n\n\n\n<p class=\"has-source-sans-pro-font-family\" style=\"font-size:clamp(14px, 0.875rem + ((1vw - 3.2px) * 0.469), 20px);font-style:normal;font-weight:400\">Votre sant\u00e9 est votre fondation \u2014 notre plan m\u00e9dical est ici pour la prot\u00e9ger.<\/p>\n\n\n\n<p class=\"has-source-sans-pro-font-family\" style=\"font-size:clamp(14px, 0.875rem + ((1vw - 3.2px) * 0.469), 20px);font-style:normal;font-weight:400\">Des examens de routine aux urgences inattendues, cette couverture vous aide, vous et votre famille, \u00e0 rester en bonne sant\u00e9, \u00e0 vous remettre plus rapidement et \u00e0 r\u00e9duire les frais de votre poche. Avec un acc\u00e8s \u00e0 un r\u00e9seau de fournisseurs de confiance et un soutien pour les soins en personne et virtuels, notre plan offre la qualit\u00e9 et la commodit\u00e9 dont vous avez besoin pour prendre soin de votre sant\u00e9 en toute confiance.<br><\/p>\n<\/div>\n<\/div>\n<\/div><\/div>\n\n\n\n<div class=\"wp-block-cover alignfull hide-on-large-devices\" style=\"padding-top:15vh;padding-bottom:var(--wp--preset--spacing--20)\"><img loading=\"lazy\" decoding=\"async\" width=\"1024\" height=\"356\" class=\"wp-block-cover__image-background wp-image-331 size-large\" alt=\"\" src=\"https:\/\/myoeme.io\/metlife-fr\/wp-content\/uploads\/sites\/556\/2026\/01\/tmp01b9xt5v-1-1024x356.webp\" style=\"object-position:23% 45%\" data-object-fit=\"cover\" data-object-position=\"23% 45%\" srcset=\"https:\/\/myoeme.io\/metlife-fr\/wp-content\/uploads\/sites\/556\/2026\/01\/tmp01b9xt5v-1-1024x356.webp 1024w, https:\/\/myoeme.io\/metlife-fr\/wp-content\/uploads\/sites\/556\/2026\/01\/tmp01b9xt5v-1-300x104.webp 300w, https:\/\/myoeme.io\/metlife-fr\/wp-content\/uploads\/sites\/556\/2026\/01\/tmp01b9xt5v-1-768x267.webp 768w, https:\/\/myoeme.io\/metlife-fr\/wp-content\/uploads\/sites\/556\/2026\/01\/tmp01b9xt5v-1.webp 1200w\" sizes=\"auto, (max-width: 1024px) 100vw, 1024px\" \/><span aria-hidden=\"true\" class=\"wp-block-cover__background has-contrast-background-color has-background-dim-40 has-background-dim\"><\/span><div class=\"wp-block-cover__inner-container has-global-padding is-layout-constrained wp-container-core-cover-is-layout-7897346c wp-block-cover-is-layout-constrained\">\n<div class=\"wp-block-columns alignwide is-style-default is-layout-flex wp-container-core-columns-is-layout-26e64e2d wp-block-columns-is-layout-flex\" style=\"margin-top:0px;margin-bottom:0px;padding-top:0px;padding-bottom:0px\">\n<div class=\"wp-block-column is-vertically-aligned-center is-layout-flow wp-container-core-column-is-layout-9b9bbc16 wp-block-column-is-layout-flow\" style=\"padding-right:20px;padding-left:20px;flex-basis:100%\">\n<h2 class=\"wp-block-heading\" style=\"padding-right:0;padding-bottom:var(--wp--preset--spacing--20);font-size:clamp(29.768px, 1.861rem + ((1vw - 3.2px) * 1.737), 52px);font-style:normal;font-weight:400;line-height:1.1\">Assurance m\u00e9dicale<\/h2>\n\n\n\n<p class=\"has-source-sans-pro-font-family\" style=\"padding-bottom:0;font-size:clamp(14px, 0.875rem + ((1vw - 3.2px) * 0.469), 20px);font-style:normal;font-weight:400\">Votre sant\u00e9 est votre fondation \u2014 notre plan m\u00e9dical est ici pour la prot\u00e9ger.<\/p>\n\n\n\n<p class=\"has-source-sans-pro-font-family\" style=\"font-size:clamp(14px, 0.875rem + ((1vw - 3.2px) * 0.469), 20px);font-style:normal;font-weight:400\">Des examens de routine aux urgences inattendues, cette couverture vous aide, vous et votre famille, \u00e0 rester en bonne sant\u00e9, \u00e0 vous remettre plus rapidement et \u00e0 r\u00e9duire les frais de votre poche. Avec un acc\u00e8s \u00e0 un r\u00e9seau de fournisseurs de confiance et un soutien pour les soins en personne et virtuels, notre plan offre la qualit\u00e9 et la commodit\u00e9 dont vous avez besoin pour prendre soin de votre sant\u00e9 en toute confiance.<br><\/p>\n<\/div>\n<\/div>\n<\/div><\/div>\n<\/div>\n\n\n\n<div class=\"wp-block-group has-global-padding is-layout-constrained wp-container-core-group-is-layout-874b1eab wp-block-group-is-layout-constrained\" style=\"padding-top:var(--wp--preset--spacing--50);padding-bottom:var(--wp--preset--spacing--50)\">\n<div class=\"wp-block-columns has-accent-3-background-color has-background is-layout-flex wp-container-core-columns-is-layout-0ea523d3 wp-block-columns-is-layout-flex\" style=\"margin-bottom:var(--wp--preset--spacing--20);padding-top:var(--wp--preset--spacing--40);padding-right:15px;padding-bottom:var(--wp--preset--spacing--40);padding-left:15px\">\n<div class=\"wp-block-column is-layout-flow wp-block-column-is-layout-flow\">\n<h2 class=\"wp-block-heading has-text-align-center\" style=\"padding-bottom:var(--wp--preset--spacing--20);font-size:clamp(1.119rem, 1.119rem + ((1vw - 0.2rem) * 0.789), 1.75rem);font-style:normal;font-weight:900\">Angle Healthcare 2000 PPO<\/h2>\n\n\n\n<div class=\"wp-block-group has-border-color has-base-border-color has-global-padding is-layout-constrained wp-block-group-is-layout-constrained\" style=\"border-width:6px;font-size:0px;box-shadow:var(--wp--preset--shadow--natural)\">\n<div style=\"padding:56.25% 0 0 0;position:relative;\"><iframe src=\"https:\/\/player.vimeo.com\/video\/1172560297?h=800c2f7d4c&amp;badge=0&amp;autopause=0&amp;player_id=0&amp;app_id=58479\" frameborder=\"0\" allow=\"autoplay; fullscreen; picture-in-picture; clipboard-write; encrypted-media; web-share\" referrerpolicy=\"strict-origin-when-cross-origin\" style=\"position:absolute;top:0;left:0;width:100%;height:100%;\" title=\"Employee Navigator_20260113_100052_Final_English_Video_2025\"><\/iframe><\/div><script src=\"https:\/\/player.vimeo.com\/api\/player.js\"><\/script>\n<\/div>\n<\/div>\n\n\n\n<div class=\"wp-block-column is-layout-flow wp-block-column-is-layout-flow\">\n<h2 class=\"wp-block-heading has-text-align-center\" style=\"padding-bottom:var(--wp--preset--spacing--20);font-size:clamp(1.119rem, 1.119rem + ((1vw - 0.2rem) * 0.789), 1.75rem);font-style:normal;font-weight:900\">Angle Healthcare 1500 PPO<\/h2>\n\n\n\n<div class=\"wp-block-group has-border-color has-base-border-color has-global-padding is-layout-constrained wp-block-group-is-layout-constrained\" style=\"border-width:6px;font-size:0px;box-shadow:var(--wp--preset--shadow--natural)\">\n<div style=\"padding:56.25% 0 0 0;position:relative;\"><iframe src=\"https:\/\/player.vimeo.com\/video\/1172560255?h=cdf4514d3b&amp;badge=0&amp;autopause=0&amp;player_id=0&amp;app_id=58479\" frameborder=\"0\" allow=\"autoplay; fullscreen; picture-in-picture; clipboard-write; encrypted-media; web-share\" referrerpolicy=\"strict-origin-when-cross-origin\" style=\"position:absolute;top:0;left:0;width:100%;height:100%;\" title=\"Employee Navigator_20260113_100052_Final_English_Video_2025\"><\/iframe><\/div><script src=\"https:\/\/player.vimeo.com\/api\/player.js\"><\/script>\n<\/div>\n<\/div>\n<\/div>\n<\/div>\n\n\n\n<div class=\"wp-block-group alignfull has-border-color has-accent-1-border-color has-global-padding is-layout-constrained wp-container-core-group-is-layout-638f82ae wp-block-group-is-layout-constrained\" style=\"border-width:10px;padding-top:var(--wp--preset--spacing--70);padding-bottom:60px\">\n<h2 class=\"wp-block-heading has-text-align-center\" style=\"margin-top:0px;margin-bottom:0px;padding-top:0px;padding-bottom:0px;font-size:clamp(25.014px, 1.563rem + ((1vw - 3.2px) * 1.327), 42px);line-height:1.3;text-transform:capitalize\">Pr\u00e9sentation de Comment<strong>Soins de sant\u00e9<\/strong><br>devrait \u00eatre avec<\/h2>\n\n\n\n<figure class=\"wp-block-image aligncenter size-full is-resized\"><img loading=\"lazy\" decoding=\"async\" width=\"248\" height=\"120\" src=\"https:\/\/myoeme.io\/metlife-fr\/wp-content\/uploads\/sites\/556\/2026\/03\/anglehealth.png\" alt=\"\" class=\"wp-image-492\" style=\"width:230px\"\/><\/figure>\n\n\n\n<div class=\"wp-block-columns is-layout-flex wp-container-core-columns-is-layout-f313b1e6 wp-block-columns-is-layout-flex\" style=\"margin-top:0px;padding-top:var(--wp--preset--spacing--50);padding-right:var(--wp--preset--spacing--20);padding-left:var(--wp--preset--spacing--20)\">\n<div class=\"wp-block-column has-accent-3-background-color has-background is-layout-flow wp-block-column-is-layout-flow\" style=\"padding-top:var(--wp--preset--spacing--50);padding-right:var(--wp--preset--spacing--40);padding-bottom:var(--wp--preset--spacing--50);padding-left:var(--wp--preset--spacing--40)\">\n<h3 class=\"wp-block-heading has-text-align-center has-accent-2-color has-text-color has-link-color wp-elements-7a22f0f56e9d50d20a27fc88a7398839\" style=\"padding-bottom:20px;font-size:clamp(24.034px, 1.502rem + ((1vw - 3.2px) * 1.247), 40px);font-style:normal;font-weight:700\"><strong>exp\u00e9rience ax\u00e9e sur le membre<\/strong><\/h3>\n\n\n\n<p class=\"has-text-align-center\" style=\"font-size:clamp(14px, 0.875rem + ((1vw - 3.2px) * 0.469), 20px);font-style:normal;font-weight:500;line-height:1.3\">Angle Health s&#8217;engage \u00e0 fournir des plans de sant\u00e9 flexibles et abordables avec un soutien personnalis\u00e9, rendant plus facile pour les membres d&#8217;acc\u00e9der \u00e0 leurs soins et de les comprendre.<\/p>\n\n\n\n<div class=\"wp-block-buttons is-content-justification-center is-layout-flex wp-container-core-buttons-is-layout-03d7960e wp-block-buttons-is-layout-flex\" style=\"margin-top:40px;margin-bottom:40px\">\n<div class=\"wp-block-button oeme-background-button\"><a class=\"wp-block-button__link has-base-color has-accent-5-background-color has-text-color has-background has-link-color has-border-color has-base-border-color has-custom-font-size wp-element-button\" href=\"https:\/\/www.anglehealth.com\/network-directories\" style=\"border-width:4px;padding-top:15px;padding-right:30px;padding-bottom:15px;padding-left:30px;box-shadow:var(--wp--preset--shadow--natural);font-size:clamp(14.642px, 0.915rem + ((1vw - 3.2px) * 0.575), 22px);font-style:normal;font-weight:600;letter-spacing:0px;text-transform:uppercase\" target=\"_blank\" rel=\"noreferrer noopener\">Trouver mon m\u00e9decin<\/a><\/div>\n<\/div>\n\n\n\n<div class=\"wp-block-group has-global-padding is-layout-constrained wp-container-core-group-is-layout-4d0d0a75 wp-block-group-is-layout-constrained\">\n<div class=\"wp-block-group is-content-justification-center is-nowrap is-layout-flex wp-container-core-group-is-layout-0a12bad6 wp-block-group-is-layout-flex\">\n<figure class=\"wp-block-image aligncenter size-full is-resized btn-hover-zoom\"><a href=\"https:\/\/apps.apple.com\/us\/app\/angle-health-inc\/id1572887423\" target=\"_blank\" rel=\"noreferrer noopener\"><img decoding=\"async\" src=\"https:\/\/myoeme.io\/wp-content\/uploads\/2025\/06\/66e2ebab729fd46348ed91e6.png\" alt=\"\" class=\"wp-image-18\" style=\"width:230px\"\/><\/a><\/figure>\n\n\n\n<figure class=\"wp-block-image aligncenter size-full is-resized btn-hover-zoom\"><a href=\"https:\/\/play.google.com\/store\/apps\/details?id=com.anglehealth.inc&amp;hl=en_US\" target=\"_blank\" rel=\"noreferrer noopener\"><img decoding=\"async\" src=\"https:\/\/myoeme.io\/wp-content\/uploads\/2025\/06\/66e2eb9d92934951d948fc1a.png\" alt=\"\" class=\"wp-image-19\" style=\"width:230px\"\/><\/a><\/figure>\n<\/div>\n<\/div>\n<\/div>\n<\/div>\n<\/div>\n","protected":false},"excerpt":{"rendered":"<p>Angle Healthcare 2000 PPO Angle Healthcare 1500 PPO Pr\u00e9sentation de CommentSoins de sant\u00e9devrait \u00eatre avec exp\u00e9rience ax\u00e9e sur le membre Angle Health s&#8217;engage \u00e0 fournir des plans de sant\u00e9 flexibles et abordables avec un soutien personnalis\u00e9, rendant plus facile pour les membres d&#8217;acc\u00e9der \u00e0 leurs soins et de les comprendre.<\/p>\n","protected":false},"author":4,"featured_media":61,"parent":19,"menu_order":1,"comment_status":"closed","ping_status":"closed","template":"","meta":{"footnotes":""},"class_list":["post-18","page","type-page","status-publish","has-post-thumbnail","hentry"],"_links":{"self":[{"href":"https:\/\/myoeme.io\/metlife-fr\/wp-json\/wp\/v2\/pages\/18","targetHints":{"allow":["GET"]}}],"collection":[{"href":"https:\/\/myoeme.io\/metlife-fr\/wp-json\/wp\/v2\/pages"}],"about":[{"href":"https:\/\/myoeme.io\/metlife-fr\/wp-json\/wp\/v2\/types\/page"}],"author":[{"embeddable":true,"href":"https:\/\/myoeme.io\/metlife-fr\/wp-json\/wp\/v2\/users\/4"}],"replies":[{"embeddable":true,"href":"https:\/\/myoeme.io\/metlife-fr\/wp-json\/wp\/v2\/comments?post=18"}],"version-history":[{"count":47,"href":"https:\/\/myoeme.io\/metlife-fr\/wp-json\/wp\/v2\/pages\/18\/revisions"}],"predecessor-version":[{"id":584,"href":"https:\/\/myoeme.io\/metlife-fr\/wp-json\/wp\/v2\/pages\/18\/revisions\/584"}],"up":[{"embeddable":true,"href":"https:\/\/myoeme.io\/metlife-fr\/wp-json\/wp\/v2\/pages\/19"}],"wp:featuredmedia":[{"embeddable":true,"href":"https:\/\/myoeme.io\/metlife-fr\/wp-json\/wp\/v2\/media\/61"}],"wp:attachment":[{"href":"https:\/\/myoeme.io\/metlife-fr\/wp-json\/wp\/v2\/media?parent=18"}],"curies":[{"name":"wp","href":"https:\/\/api.w.org\/{rel}","templated":true}]}}